107
Let a(o) = 13*o + 13. Let t(l) = l**2 - 5*l - 7. Let i be t(-3). What are the prime factors of a(i)?
2, 3, 13
Suppose -4*v + 8308 = 4*g, 6235 = 30*g - 27*g + 4*v. List the prime factors of g.
3, 691
Let m = 3 - 9. Let n be m - (-4)/(-8)*0. List the prime factors of n/(0 - (-9)/(-42)).
2, 7
Suppose -u = -4*o + 60 + 32, 0 = -3*u - 12. Let g be (o - (-1 - 1)) + -3. Suppose -5 = 2*y - g. List the prime factors of y.
2
List the prime factors of (2*3)/((-13)/(-1287)).
2, 3, 11
Let s be (-24)/(-6) + 220/(-2). Let y = s + 207. What are the prime factors of y?
101
Suppose -13 = g - 18. Suppose -5*o + g = -65. List the prime factors of o.
2, 7
Let d = 9037 + -6255. What are the prime factors of d?
2, 13, 107
Suppose -r + 5*h = r - 4, 4*r + 4*h = 8. Suppose 4*k = -4*a + 12, 4 = r*a - 3*k - 7. What are the prime factors of a?
2
Suppose -n + 481 = -u, -2*u = 2*n - 448 - 510. What are the prime factors of n?
2, 3, 5
Let x = 2915 - -597. What are the prime factors of x?
2, 439
Let n = 36 + -51. Let a = n + 28. List the prime factors of a.
13
Let v(j) = 56*j + 125. What are the prime factors of v(16)?
1021
Suppose -4*r + 21 = -5*p - 1, 0 = 3*r + 2*p - 5. Suppose -r*n - 4 = -109. Let a = 25 + n. What are the prime factors of a?
2, 3, 5
Let p = -50 + 55. Suppose -p*b = -2*w - b + 60, 150 = 4*w + 2*b. What are the prime factors of w?
2, 3
Suppose -d - d + 4*v + 8 = 0, -d - 5*v = -4. Suppose -6*p = -d*p + 56. Let r = 19 - p. What are the prime factors of r?
47
Let m = 2753 + -1889. Let n = m - 607. List the prime factors of n.
257
Suppose 30 = 5*y + 2*n, -5*y = n - 0*n - 25. Suppose 4*g - 2*u = 164, y*g - 160 = -0*g + 4*u. List the prime factors of g.
2, 3, 7
Let b be 4 + 24/(1/1). Let y = b + -31. Let o(t) = -t**3 - t**2 + t - 7. What are the prime factors of o(y)?
2
Let m be (-2)/4*(25 - 5). Let h be m/(-8) - (-24)/32. Suppose -2*o + 3*o + x - 7 = 0, 0 = -o + h*x + 1. List the prime factors of o.
5
Let i(n) = -n**3 + 47*n**2 - 117*n - 1. List the prime factors of i(43).
2, 3, 197
Let z be 5 - 0 - (-1)/(-1). Let k(h) = -h**3 + 12*h**2 - 22*h + 7. Let j be k(8). Suppose -2*q - 42 = -z*q - 4*x, 3*q - j = 2*x. List the prime factors of q.
3
Let y = -737 + 1730. What are the prime factors of y?
3, 331
Let x = 130 + 169. What are the prime factors of x?
13, 23
Let v = -53 + 64. Suppose 8*d + 123 = v*d. List the prime factors of d.
41
Let r = 124 + -120. Suppose -r*i + 8*i + t = 449, 3*i - 333 = -2*t. List the prime factors of i.
113
Let j = 186 - 92. Let x = -2 + j. List the prime factors of x.
2, 23
Let f(t) = t**3 + 20*t**2 - 39*t - 37. What are the prime factors of f(-19)?
3, 5, 71
Let n(w) = -w**3 - 8*w**2 - w + 2. Let v(q) = -3 + 3*q + 1 + 3. Let s be v(-3). List the prime factors of n(s).
2, 5
Suppose 4 = -5*o + 14. Suppose 346 = 4*v + 4*c - o*c, -4*c + 170 = 2*v. What are the prime factors of v?
3, 29
Suppose -3*l - 5*d = 16, 2*d + 1 = 2*l - 5*l. Let k = 6 - l. Suppose 0 = k*w + 15, -2*a - 180 = -7*a - 2*w. List the prime factors of a.
2, 19
Suppose -4*r = -0*r - 200. Let y = -10 + r. What are the prime factors of y?
2, 5
Let y(x) = 4*x**2 - 3*x**2 + 18*x + 3*x**2 + 5 - 3*x**2. Let r be y(-10). Let i = r + 153. List the prime factors of i.
2, 3, 13
Suppose -5*p = 2 + 3. Let k(s) = s**2 - 2*s - 2. Let v be k(p). Let o(q) = 6*q**2 + q. List the prime factors of o(v).
7
Suppose 3*r + 8 = 2*d, -2*r - 13*d = -11*d - 8. Let h be ((-8)/10)/(2/(-5)). Suppose 5*s - 17 = -r*n - n, -h*s + 2 = 2*n. What are the prime factors of s?
2
Suppose 3*g + 6 + 6 = 0. Let q(l) = -9*l + 7. What are the prime factors of q(g)?
43
Let a be 7231/(-49) + 3/(-7). Let k = a - -222. List the prime factors of k.
2, 37
Let d be 15/(-3)*1/(-1). Suppose 0 = -d*j + 10. What are the prime factors of (-3)/j - 280/(-16)?
2
Let s be (-10)/(-35) + 38/14. Suppose -1391 = -5*f - 4*k, -k + s*k = 8. List the prime factors of f.
5, 11
Suppose -7 - 2 = -3*n. Suppose -n*s + 63 = -0*s - b, -2*s + b + 43 = 0. Let w = s - -2. What are the prime factors of w?
2, 11
Let b = -359 - -617. List the prime factors of b.
2, 3, 43
Suppose 4*q - 20 = -12. What are the prime factors of (q + 48)/(((-3)/2)/(-3))?
2, 5
Let o be 16/(-6)*(-60)/16. Suppose -3*x + 15 = 3*y, -3*x - o = 4*y - 5*x. Suppose -2*d - 5 + 65 = y. What are the prime factors of d?
2, 3, 5
Suppose 2*o + 122*d = 119*d + 3407, 0 = -4*o - d + 6819. What are the prime factors of o?
5, 11, 31
Let z = 1 - -3. Suppose -4*p - u = -322, -2*p + 7*p + z*u = 408. Suppose -p = -y - y. List the prime factors of y.
2, 5
Suppose 3*r + 5*q = -18, 0*r - 2*q - 7 = r. What are the prime factors of ((-6)/2 - 83 - 3)/r?
89
Suppose 0*h + h - 35 = 0. Suppose -3*q = 0, -q = 8*y - 3*y - h. Suppose 2 = t - y. List the prime factors of t.
3
Suppose -5*v + 625 = 5*m, -m + 125 + 12 = -5*v. List the prime factors of m.
127
Let x be 3/((-54)/(-4)) + 43/9. Suppose 0 = 3*o + 3 - 12. Let b = o + x. What are the prime factors of b?
2
Let t(w) = 16*w - 7. Suppose 8 = 4*h - 24. Let j = 11 - h. What are the prime factors of t(j)?
41
List the prime factors of 4612/48 - (-3)/(-36).
2, 3
List the prime factors of (-14)/63 + (-86416)/(-72).
2, 3, 5
Let m(t) = 149*t**2 + 10*t. Let b(x) = -149*x**2 - 9*x - 1. Let l(u) = -4*b(u) - 3*m(u). List the prime factors of l(-1).
3, 7
Let g(i) = 25*i**2 - 23*i + 140. List the prime factors of g(12).
2, 433
Suppose -2*w = -w + 1. Let d be (-1 + w + 1)*-37. Let f = d - 19. What are the prime factors of f?
2, 3
Suppose 3*f + 0*u - u - 903 = 0, 3*f + 5*u = 885. Suppose 2*h - f = 38. What are the prime factors of h?
13
Let z = 488 + -177. Let l = 211 + z. List the prime factors of l/(-6)*4/(-6).
2, 29
Suppose 47 = 4*g + 3*w, -2*g + 3*w - 2*w = -31. Suppose -4*a + 6*a = g. Suppose 17 = 3*x - a. What are the prime factors of x?
2
Let s be 24*(-40)/(-30)*3/(-2). List the prime factors of (-2*(-29)/(-8))/(12/s).
29
Suppose 3 - 3 = -4*m. Suppose 2*y - 85 - 65 = m. List the prime factors of y.
3, 5
Let m be 5*(-1)/20 + (-45)/(-4). Let c be ((-22)/8 - -1)*4. Let k = m + c. What are the prime factors of k?
2
Suppose 4*u + 5*m - 2440 = -203, 5*m + 2740 = 5*u. Let s = -386 + u. List the prime factors of s.
167
Let a = -21 + 31. Let f(o) = -2*o + 8. Let p be f(-5). Let l = a + p. What are the prime factors of l?
2, 7
Let t be (2/6)/((-11)/(-1419)). Suppose 4*a - t = 65. List the prime factors of 20/1*a/9.
2, 3, 5
Suppose 0 = -s - 3*n - 9, -5*s + 3 = 4*n + 4. Let z(m) be the first derivative of 2*m**3/3 + 2*m**2 - 7*m + 53. List the prime factors of z(s).
23
Suppose i = -4, 3057 = -2*k + 7*k + 2*i. What are the prime factors of k?
613
Suppose -3*a - 2 = -2*d - 13, 5*a - 1 = -d. Let v(w) = 97*w**3 + 4*w**2 - 2*w - 1. List the prime factors of v(a).
2, 7
Let s(k) = -k**3 + 5*k**2 - k + 5. Let a be s(6). Let f(o) = -o + 7. Let y be f(10). List the prime factors of (y + 2)*1*a.
37
Suppose 59 + 49 = 3*o. Let j be 2/(20/(-45))*6/(-9). Suppose o + 42 = j*b. What are the prime factors of b?
2, 13
Let q(a) be the second derivative of a**3/2 + 4*a**2 - a. Let p be q(0). Suppose 0 = p*y - y - 280. List the prime factors of y.
2, 5
Let o(t) = t**2 + 21*t + 22. Let r be o(-20). Suppose 314 = 4*f + r*z, -3*z + 160 = 5*f - 230. What are the prime factors of f?
3
Let i(d) = -2*d - 6. Let v be i(-6). Let t(q) = -26*q + 4 + 2 - v. List the prime factors of t(-1).
2, 13
Let s = -261 + 1207. List the prime factors of s.
2, 11, 43
Let z = 25 + -15. List the prime factors of -2*z*(-4)/16.
5
Let w = 413 + -368. List the prime factors of w.
3, 5
Suppose -j + 5*u + 7 = 0, -5*j = -0*j - 2*u - 12. Suppose -2*y + 65 = -5*p, 0 = -j*p - 3*y - 6 - 20. What are the prime factors of (p + 2)*(1 - 2)?
11
Suppose 0 = -7*w + 13675 - 4792. What are the prime factors of w?
3, 47
Suppose 0 = -2*g - 5*p + 7796, -g + 3899 = 118*p - 115*p. What are the prime factors of g?
17, 229
Let d(t) = -44*t + 12. List the prime factors of d(-6).
2, 3, 23
What are the prime factors of 14748/12 - (-10)/2?
2, 617
Let d(j) = j**3 + 4*j + 2619. What are the prime factors of d(0)?
3, 97
Let a(j) = -17 + 127*j + 3*j**3 - 2*j**3 - 10*j**2 - 134*j. List the prime factors of a(11).
3
Let x be ((-82)/(-6))/(4/48). Suppose 0 = 4*z - 0*z - 76. Suppose -z*b = -21*b + x. List the prime factors of b.
2, 41
List the prime factors of 5124